). Calculate the highest common factor of 92 and f.
46
Let k be 4/7 - (-270)/42. Let l(n) = 19*n - 3. Let j be l(2). Calculate the highest common divisor of j and k.
7
Let g(d) = 2*d - 15. Let w be g(6). Let h(k) = -k**3 - k**2 + k + 5. Let p be h(w). What is the highest common factor of 4 and p?
4
Let h(i) = -i**3 + 11*i**2 - 19*i + 15. Let v be h(9). Let g = v - 5. What is the greatest common factor of 3 and g?
1
Let o be 5/(-5) + 9 + 0 + -3. Suppose 2*n + 62 = 232. Calculate the greatest common factor of o and n.
5
Let q(f) = 11*f**2 - 4*f + 2. Let x be q(-2). Let o be 0/(-4) + 2*6. Suppose 0*k = 2*k - o. What is the greatest common divisor of k and x?
6
Let f = -29 - -40. Let a be 99*10*4/60. What is the highest common factor of a and f?
11
Let z(s) = -43*s - 486. Let p be z(-13). What is the greatest common factor of 4 and p?
1
Suppose -5*g + 200 = -5*r, 5*r - 2*r + 30 = g. Calculate the greatest common divisor of g and 198.
9
Suppose -2*d + 300 = 2*o + d, -d = -2*o + 316. What is the highest common factor of o and 1196?
52
Let u = -55 - -57. Suppose 4*t - 66 = u*t. Calculate the greatest common divisor of t and 3.
3
Suppose -38 - 34 = -6*b. Calculate the greatest common factor of b and 228.
12
Let i = 408 - 136. What is the highest common factor of i and 102?
34
Let v = -420 - -438. Suppose 0 = 4*q - 93 - 195. Calculate the greatest common factor of v and q.
18
Suppose -312 = -13*i + 5*i. What is the greatest common divisor of 91 and i?
13
Let r be (-14 - (-2 - -2))*1. Let k be 1 - (-2 - (-2 - r)). Suppose -4*h = 4*d, 0 = 3*h + d + 5 - 11. Calculate the greatest common factor of h and k.
3
Let w be (-1)/(-6) + 5/((-90)/(-339)). Suppose 2*g = 3*g - 3. Suppose -107 = g*r - 506. What is the greatest common factor of w and r?
19
Suppose 0 = 4*q - 9 - 3. Let p be (-800)/6*q/(-1). Suppose 3*u - 8*u + p = 0. Calculate the greatest common factor of u and 32.
16
Let v(z) = 6*z**2 + 17*z - 59. Let g be v(4). What is the highest common divisor of 42 and g?
21
Suppose 0 = -53*z + 57*z - 12. Let y(k) = k**3 + 4*k**2 + k - 3. Let m be y(-3). Calculate the greatest common factor of m and z.
3
Suppose -149 = -5*d - 6*f + 3*f, 96 = 3*d + 4*f. Calculate the greatest common factor of 1876 and d.
28
Suppose -g = -2*g + 34. Let s be (-7863)/(-21) + 26/(-273) + (-1)/3. What is the highest common factor of g and s?
34
Suppose -11*b - 20 = -15*b, -3*b + 420 = 3*d. Calculate the greatest common divisor of d and 360.
45
Suppose -3*j - 208 = -1108. Calculate the highest common factor of j and 75.
75
Let l(g) = -109*g**3 + 2*g**2 - 2*g - 3. Let x be l(-1). Calculate the greatest common factor of x and 10.
10
Suppose -31 = -3*p + 176. Suppose -42 = -2*b + 4*j, -5*b - j - j + p = 0. Let l be 3/12 + (-19)/(-4). Calculate the greatest common factor of l and b.
5
Let j(k) = k**3 - 8*k**2 + k + 6. Let y = 11 + -3. Let z be j(y). What is the highest common divisor of z and 154?
14
Suppose -x - 877 = -6*x - v, -2*x + 340 = -5*v. Suppose 0 = -t + 2*b - 9, 13*b + 8 = 14*b. What is the highest common divisor of x and t?
7
Suppose 3*q - 4*v - 183 = -2*v, -v = -q + 60. Calculate the greatest common divisor of 9 and q.
9
Suppose 16 + 8 = -h. Let v be (-6)/15 + h/(-10). Let d be ((-28)/(-3 + 2))/v. Calculate the greatest common factor of d and 98.
14
Let b(c) = 2*c**2 + 6*c - 7. Let v be b(5). Suppose 53 = 3*f - v. Let k = 0 + 7. Calculate the greatest common divisor of k and f.
7
Let x(s) = s**3 + 10*s**2 + 5*s + 11. Let q be x(-8). What is the greatest common divisor of q and 66?
33
Let r = -557 + 578. Calculate the greatest common factor of r and 112.
7
Suppose 0 = 26*l - 27*l + 432. Calculate the greatest common factor of 16 and l.
16
Suppose 0 = 6*d - 10 + 88. Let x(i) = i + 25. Let p be x(d). Calculate the highest common factor of 132 and p.
12
Let w be 0 + -2 + 3 + 1904/4. Calculate the greatest common factor of 9 and w.
9
Suppose -20*r + 231 = -9*r. Calculate the greatest common divisor of 777 and r.
21
Suppose f + 5*g = 1771, 7*f - 2*f = 2*g + 8855. Calculate the greatest common factor of f and 77.
77
Suppose -235 = 5*m - 3*s, 0*s - 188 = 4*m - 3*s. Let i = -8 - m. Calculate the greatest common factor of 39 and i.
39
Suppose 0*x - 4*i + 5 = x, -4*i + 3 = -x. Let f be (x*(-5 + 1))/(-1). Suppose l - 31 = 3*y, f*l - 44 - 15 = -y. Calculate the greatest common factor of 8 and l.
8
Suppose 0 = 27*x - 125 - 10. Calculate the greatest common divisor of x and 845.
5
Let k = -14 - -84. Suppose 103 - 75 = r. Calculate the greatest common factor of r and k.
14
Suppose h + h - 27 = -5*r, -3*h + 13 = 2*r. Suppose 5*c - 3*c + 86 = 2*m, r*m = -3*c + 175. What is the greatest common divisor of m and 228?
38
Suppose 15*c - 17 = -2*k + 20*c, 4*k = -5*c + 79. Calculate the highest common divisor of 624 and k.
16
Let n = 208 + -358. Let u be (1 - n) + (-9 - -8). Calculate the greatest common factor of 30 and u.
30
Suppose -9*a + 5*r + 90 = -8*a, -3*r + 9 = 0. Let h(w) = -2*w + 5. Let n be h(-5). Calculate the highest common factor of n and a.
15
Suppose 0 = -k + 3*y + 57, -6*y - 15 = -y. Suppose -8 = u + 24. Let v = u + k. Calculate the highest common factor of 40 and v.
8
Let q = 2678 - 2054. Calculate the highest common divisor of 234 and q.
78
Let d = 30 - 15. Let g(v) = 3*v**3 - 3*v**2 - 12*v + 9. Let b be g(4). Calculate the greatest common factor of b and d.
15
Let o(b) = 4*b**2 - 3*b + 3. Let m be o(3). Let l = -31 - -9. Let q = l + 28. What is the greatest common factor of m and q?
6
Suppose 20 = -g - 3*g, -4*g + 8 = p. Suppose 2*u - p = -5*s - 6, 3*u = -3*s + 6. What is the highest common divisor of s and 42?
6
Suppose -5*r + 10 = 85. Let m be 54/r*(-60)/9. Calculate the highest common factor of 48 and m.
24
Suppose 0 = 2*v - 186 - 84. What is the highest common factor of v and 75?
15
Let b = 484 - -374. What is the highest common factor of b and 66?
66
Let q be 30/(-90)*(2 - 20). What is the highest common divisor of q and 6?
6
Suppose 0 = l + 1 - 3. Suppose 0 = 5*b - 3*q - 2*q, -5*b - 8 = -q. Let c be (b/l)/((-4)/28). What is the highest common factor of c and 28?
7
Let n(i) = -i + 8. Let k be n(-7). Let x = -12 - -4. Let j(u) = u**2 + 7*u - 3. Let p be j(x). Calculate the highest common divisor of p and k.
5
Suppose -4*y + 3*r + 75 = 0, 4*r = y + 2*r - 25. What is the greatest common factor of 100 and y?
5
Let l(z) = -135*z**3 + 3*z**2 - 8*z - 8. Let q be l(-1). What is the highest common factor of 322 and q?
46
Let w(r) = r + 19. Let s be w(-13). Let z(d) = -d**2 + 11*d - 16. Let y be z(s). Calculate the highest common divisor of 42 and y.
14
Let o = 13 + -20. Let m = o - -13. Suppose 0 = m*y - 4*y + 4*d - 34, -3*y - 3*d = -48. What is the greatest common factor of 150 and y?
15
Suppose -2*w = -7*w + 2005. Suppose 4*g = 2*b + 6*g - 158, 5*b = g + w. Suppose 12*i = 9*i + 48. Calculate the highest common divisor of b and i.
16
Let q(x) = -x**3 - 11*x**2 - 14*x - 2. Let r be q(-10). Suppose -43*i + 30 = -r*i. What is the greatest common factor of i and 24?
6
Let h = -185 + 263. Let x(r) = -r**3 - 6*r**2 - 2*r + 51. Let i be x(-8). Calculate the highest common divisor of h and i.
39
Let p(y) = -y**2 - 7*y - 3. Let g be p(-4). Suppose -5*b + 288 = 3*b. Calculate the greatest common divisor of g and b.
9
Suppose 52*q - 41*q = 1573. Suppose 2*a + 0*a = 0. Suppose -m - 2*k = -a*m - 5, -5*m + 5*k = -85. Calculate the highest common factor of m and q.
13
Let g(k) = -98*k. Let t be g(-1). Let f be (1*63)/3*28/21. Calculate the greatest common factor of f and t.
14
Suppose -20*c + 1615 = -c. What is the greatest common factor of 25 and c?
5
Let n(r) = -49*r**3 + 2*r**2 + 6*r + 5. Let w be n(-1). Calculate the highest common divisor of 650 and w.
50
Suppose -2*q + 3*a = -20, -16 = -a + 5*a. Let r be 1/q - (-9)/(-4). Let c be (-8)/(16/(-4)) - r. Calculate the greatest common divisor of 1 and c.
1
Let f(n) = -n**3 + n + 501. Let b be f(0). Suppose 0*s + 2*y + b = 3*s, 0 = -5*s + y + 828. Calculate the highest common factor of s and 15.
15
Suppose 4705 = 11*o - 938. Calculate the highest common divisor of o and 54.
27
Let c(i) = i**2 - 11*i - 14. Let v be c(13). Suppose -2*t + v = -3*t. Let y = -5 - t. What is the greatest common factor of 7 and y?
7
Suppose -5*q + q - 2*l + 84 = 0, 4*q =